at is -3 + -2541?
-2544
In base 4, what is 1033 + -10100?
-3001
In base 4, what is 1203 - 23200?
-21331
In base 6, what is 10 + -351101?
-351051
In base 15, what is 2 + -1215?
-1213
In base 16, what is -2e - 91?
-bf
In base 4, what is 11 - -113220112?
113220123
In base 15, what is 2b05be + -2?
2b05bc
In base 8, what is 72501 + -16?
72463
In base 16, what is 38082 + -3?
3807f
In base 3, what is -201 - 122001000?
-122001201
In base 11, what is -1 - -480?
47a
In base 7, what is 215541 + -10?
215531
In base 6, what is 312220 + 11?
312231
In base 11, what is 347a4 - 13?
34791
In base 10, what is 422867 - 4?
422863
In base 7, what is -40354 + 23?
-40331
In base 4, what is -101322132 + -220?
-101323012
In base 5, what is -3 - 23113?
-23121
In base 8, what is -7 - -7171?
7162
In base 4, what is -131022 + 20?
-131002
In base 4, what is 113302 - -3120?
123022
In base 10, what is -7 - 626952?
-626959
In base 8, what is 1166 - -10?
1176
In base 15, what is 3 - 10011?
-1000d
In base 2, what is 11110010000011111 + 10?
11110010000100001
In base 15, what is 39c6 + -1b?
39aa
In base 11, what is 168 + -160?
8
In base 4, what is -30202011 - -3?
-30202002
In base 12, what is 534313 - 3?
534310
In base 10, what is -5466 - -1?
-5465
In base 12, what is -9 - -416?
409
In base 11, what is 30 - 8801?
-8781
In base 16, what is -2d499 - -1?
-2d498
In base 14, what is -3d4d3 - 2?
-3d4d5
In base 6, what is -214040 - 255?
-214335
In base 10, what is 10414 - -1?
10415
In base 12, what is -4364 - 12?
-4376
In base 15, what is aac + -6?
aa6
In base 6, what is 5 + -540300?
-540251
In base 2, what is 110 + -111101001000111?
-111101001000001
In base 3, what is -100 + 221100?
221000
In base 11, what is -5a7694 - -4?
-5a7690
In base 6, what is 2021211 - 0?
2021211
In base 11, what is 1040a4 - -4?
1040a8
In base 10, what is 1 - 83678?
-83677
In base 12, what is -3 - -304094?
304091
In base 3, what is 202000212202 + -12?
202000212120
In base 15, what is 127d - 3e4?
d89
In base 16, what is 5 + 2d76?
2d7b
In base 5, what is 2313134 + 120?
2313304
In base 10, what is -39 + 5699?
5660
In base 9, what is -70 + 1343?
1263
In base 8, what is 2 + -7742?
-7740
In base 10, what is -12827 + -11?
-12838
In base 4, what is -3001032 + 33?
-3000333
In base 6, what is 2133 + -2422?
-245
In base 3, what is -1111102011001 + -10?
-1111102011011
In base 6, what is 101 + -23325?
-23224
In base 6, what is -242323 + -2?
-242325
In base 13, what is -87 - 1225c?
-12316
In base 13, what is -686a72 + -3?
-686a75
In base 14, what is 29881 + -1?
29880
In base 8, what is 5 - 232206?
-232201
In base 6, what is -14450100 + 0?
-14450100
In base 5, what is -1414134 + 10?
-1414124
In base 12, what is -351 + -189?
-51a
In base 10, what is 0 - -19753?
19753
In base 16, what is 280d4 + -1c?
280b8
In base 11, what is -566230 - -3?
-566228
In base 15, what is 1a + -141?
-126
In base 5, what is 21 - -104444?
110020
In base 6, what is -450 - 4132?
-5022
In base 13, what is -c1 - 207?
-2c8
In base 16, what is -29 - -22?
-7
In base 11, what is -8 + -36?
-43
In base 16, what is 17ba + -10?
17aa
In base 16, what is 312b1 - 5?
312ac
In base 9, what is 360 - 66?
283
In base 5, what is -13443411 + 4?
-13443402
In base 6, what is 2442 + 2344?
5230
In base 6, what is 4 - -303233?
303241
In base 11, what is -4726a - 1?
-47270
In base 12, what is 31 + 66?
97
In base 4, what is 111 - 2020312?
-2020201
In base 3, what is 10 - -1011020020102?
1011020020112
In base 7, what is -11631664 + 3?
-11631661
In base 9, what is 21 - 2858?
-2837
In base 7, what is 33166 - -4?
33203
In base 13, what is -51362 - 1?
-51363
In base 9, what is -58628 + 4?
-58624
In base 14, what is 11c6 + 4?
11ca
In base 6, what is 234 - 3052?
-2414
In base 5, what is 132031 - 13?
132013
In base 15, what is 71b + -201?
51a
In base 11, what is 36a57 - 4?
36a53
In base 12, what is 31114 - 13?
31101
In base 5, what is -20324 - -22?
-20302
In base 8, what is 0 + 136545?
136545
In base 6, what is -1 - -24342?
24341
In base 3, what is -1102020 + -1200?
-1110220
In base 14, what is 62 - -16c?
1d0
In base 6, what is -1300 - 133?
-1433
In base 12, what is -351 + -45?
-396
In base 13, what is 4 - -20081c?
200823
In base 16, what is -17 - 3900?
-3917
In base 9, what is 70360 - 5?
70354
In base 6, what is -112321 - -45?
-112232
In base 2, what is 1110100000 + 101011110000?
111010010000
In base 13, what is -2 + 67a?
678
In base 7, what is -3111 + -35?
-3146
In base 14, what is 4 + -dbdb?
-dbd7
In base 13, what is -485 - 4a?
-502
In base 13, what is -3ca52c - 2?
-3ca531
In base 8, what is -54500 - 4?
-54504
In base 11, what is -21195 - 4?
-21199
In base 6, what is -22 + 154440?
154414
In base 9, what is 12 - 426?
-414
In base 16, what is -8 - -5679?
5671
In base 8, what is -4125 - 167?
-4314
In base 7, what is -1345 + 42?
-1303
In base 14, what is 317b - -c?
3189
In base 8, what is 1 + 561700?
561701
In base 11, what is -13 - -231?
219
In base 9, what is -18 - 7635?
-7654
In base 11, what is 101 + 4450?
4551
In base 13, what is 5476 + 12?
5488
In base 11, what is -189613 - 0?
-189613
In base 16, what is 1ed7e - 1?
1ed7d
In base 4, what is -1013 + -111221?
-112300
In base 6, what is -401 - -1014?
213
In base 10, what is -2 - 22612?
-22614
In base 10, what is -953309 - -1?
-953308
In base 12, what is -1 - 324?
-325
In base 4, what is -10202 + -12232?
-23100
In base 6, what is 112533 + -1411?
111122
In base 3, what is -20 + 12222111?
12222021
In base 14, what is -c26 + 4b7?
-74d
In base 3, what is 11 - 222211102?
-222211021
In base 16, what is 6 - 25b9c?
-25b96
In base 6, what is 522 - 20552?
-20030
In base 14, what is -4 + -95000?
-95004
In base 7, what is 1302034 + 1?
1302035
In base 5, what is 134 - 3243144?
-3243010
In base 4, what is 303021 - 23?
302332
In base 10, what is 137 + 10800?
10937
In base 6, what is 2243 + -53?
2150
In base 15, what is -10 + 166b?
165b
In base 12, what is -273 - -210?
-63
In base 10, what is 6 - -52028?
52034
In base 12, what is -4 + 30b4?
30b0
In base 7, what is -114 + 104566?
104452
In base 10, what is -53114 + 5?
-53109
In base 8, what is 114461 + -3?
114456
In base 10, what is -1717 - 2?
-1719
In base 6, what is -25223 + 4?
-25215
In base 13, what is -5c5 - -55?
-570
In base 3, what is 20210121211 - 10?
20210121201
In base 8, what is 223744 + 13?
223757
In base 13, what is -6 - 20c14?
-20c1a
In base 8, what is 11 + 672206?
672217
In base 14, what is -3 - -324d?
324a
In base 10, what is 2417 + 3?
2420
In base 5, what is -122 - 11140?
-11312
In base 5, what is -13221 + 2423?
-10243
In base 5, what is 10 - 134011?
-134001
In base 12, what is 4 + -22958b?
-229587
In base 8, what is -70243 - 124?
-70367
In base 4, what is 131103 - -320?
132023
In base 12, what is 39581 + 62?
39623
In base 15, what is 2 + -1c34?
-1c32
In base 14, what is 57 + -d36?
-cbd
In base 7, what is -153025 - -246?
-152446
In base 4, what is -1203 + 13031?
11222
In base 6, what is 3044012 + 5?
3044021
In base 10, what is 164249 + 0?
164249
In base 12, what is 8b4 + -83?
831
In base 15, what is -12c + -4?
-131
In base 16, what is -3c2 + -63?
-425
In base 4, what is 10333032003 + 10?
10333032013
In base 10, what is 653 + 22?
675
In base 5, what is 3 + 1322142?
1322200
In base 9, what is 4012007 + 4?
4012012
In base 4, what is -11321 - 230?
-12211
In base 9, what is -156 - 2250?
-2416
In base 7, what is 1 + -125042?
-125041
In base 14, what is -18d9 + -1?
-18da
In base 15, what is 98 - -114?
1ac
In base 14, what is 5925 - 35?
58d0
In base 12, what is 1161 - 184?
b99
In base 11, what is 9 + -1488?
-147a
In base 9, what is -583866 - 4?
-583871
In base 7, what is 340 - -10221?
10561
In base 2, what is -100011110011110101011 - 1?
-100011110011110101100
In base 8, what is -7 - -322221?
322212
In base 3, what is -1002220 - -2201021?
1121101
In base 16, what is -b5da + e?
-b5cc
In base 9, what is -8 + 8034?
8025
In base 11, what is 59889 + 5?
59893
In base 8, what is -1 - 501566?
-501567
In base 13, what is -1b0a8 + -12?
-1b0ba
In base 5, what is 323344 - 20?
323324
In base 6, what is -241 + 24540?
24255
In base 4, what is -230323301 - 0?
-230323301
In base 3, what is 211012 - 22002?
112010
In base 14, what is -494c - 2?
-4950
In base 4, what is 1100221 - 1202?
1033013
In base 15, what is